7*z - 4. Let r be i(6). Suppose -16 = -r*u + 4*c - 6, u + 4*c - 17 = 0. Suppose 4*b + 45 = u*b. What is the units digit of b?
9
Let w be (-3092)/28 + (-1 - (-20)/14). Let g = -63 - w. What is the tens digit of g?
4
Let l(s) = -s. Let k(o) = -15*o + 40. Let q(p) = -k(p) + 4*l(p). What is the hundreds digit of q(23)?
2
Let b be -1*(-35 + 2)/3. Let j be 21*(1/3)/((-1)/(-3)). Let n = j - b. What is the units digit of n?
0
Let y = -6711 - -10379. What is the units digit of y?
8
Let c(u) = 10*u**2 - 12*u - 15. Let v(z) = 5*z**2 - 6*z - 8. Let r(n) = -4*c(n) + 9*v(n). What is the tens digit of r(6)?
3
Suppose 0 = -2*j - 115 + 111. What is the units digit of ((-4 - -1)/(-3))/(j/(-298))?
9
Let v(q) be the first derivative of -q**5/40 + 17*q**4/12 - q**3/3 + 8. Let d(g) be the third derivative of v(g). What is the tens digit of d(0)?
3
Suppose g + 11616 = 4*x - 2855, -5 = -g. What is the hundreds digit of x?
6
Let p(g) = 2*g + 1. Let v(z) = -34*z - 18. Let o(a) = -10*p(a) - v(a). What is the units digit of o(6)?
2
Suppose 4*i = -15*i + 12445. What is the tens digit of i?
5
Let i(p) = -p**2 + 12*p + 4. Suppose -2*c + 7*c - 54 = 3*g, -5*g = -10. Let r be i(c). What is the tens digit of ((-93)/(-12))/(1/r)?
3
What is the tens digit of -47*(16 - 4)/(-6)?
9
Suppose -9*r + 3879 - 729 = 0. What is the units digit of r?
0
Suppose 2*w = 10, 3*u + u = 2*w - 2. Suppose -4*o + 207 = 5*h, -4*o - 16 + 8 = 0. Suppose h - 15 = u*q. What is the tens digit of q?
1
Suppose -39*l - 15617 = -46*l. What is the thousands digit of l?
2
Let t be (-4)/10 - (-652)/5. Suppose -85 = -2*a - 3*u, 0*a + 4*u - t = -3*a. What is the tens digit of a?
5
Let v(j) = -j**3 + 18*j**2 + 19*j + 3. Let r = 22 - 3. What is the units digit of v(r)?
3
What is the units digit of 10*(-168)/15*(-6)/21?
2
Suppose 4*b - 50 = -2*y, 5*y - y + 56 = 5*b. Suppose -b = -a + 5*a - 4*l, 4*a + 4*l + 28 = 0. What is the units digit of 36/a*45/(-6)?
4
Let n(m) = m**3 + 6*m**2 - 15*m - 11. Let c be n(-7). What is the units digit of (-1 + 2 - (1 + -1)) + c?
6
Let q = -173 + -114. What is the units digit of q/(-5) + 15/25?
8
Suppose -3*s = 3*c - 7 + 4, 0 = -2*s - c + 5. Suppose -5*f = -k + 151 + 110, s*k = 5*f + 1119. What is the units digit of k?
6
Suppose -5*z + 0*z = -130. Let q = z - 3. What is the units digit of q?
3
Let i(b) = -b**3 - 10*b**2 + 7*b - 3. Let x be i(-13). Let u = 578 - x. What is the units digit of u?
5
Let s = 343 - -649. What is the tens digit of s?
9
Let b be ((-12)/(-48))/(1/(-4)). What is the tens digit of 36*-4*(-4)/(-8)*b?
7
Let t(b) = b**3 - 7*b**2 - 5*b + 2. Let i be t(8). Let r = -18 + i. Let p(v) = -v**2 + 10*v + 12. What is the tens digit of p(r)?
2
Let d = -17 - -19. Suppose -5*q = p + 64, 5*q + d*p = -0*q - 63. Let c = q - -52. What is the units digit of c?
9
Suppose -823*v + 7305 = -818*v. What is the units digit of v?
1
Let w be 12 - -4 - (0 - -4). What is the units digit of 2/6 - (-44)/w - -51?
5
Let h(q) = -2*q + 3. Let v(r) = -r**2 + 6*r + 6. Let k be v(7). Let z(u) = 1. Let x(s) = k*h(s) + 6*z(s). What is the tens digit of x(8)?
1
Suppose -5 + 13 = -2*h. What is the units digit of (-43)/(2/(h/2))?
3
Let b be 55*-3*(-10)/25. Let j = 128 - b. What is the units digit of j?
2
Let k be (-8 - 112) + 0 + 3. What is the hundreds digit of (-1)/((-10)/(-96))*1560/k?
1
Let u be ((-188)/(-6))/((-3)/(-18)). Suppose 0 = 4*d - 0*d - u. What is the tens digit of d?
4
Let u = -167 + 161. Let z(b) = -2 + 2*b + b**2 + 5 + b. What is the units digit of z(u)?
1
Suppose 0 = 4*v + 4*o - 1480, -o - 1382 - 98 = -4*v. What is the hundreds digit of v?
3
Let v = -3329 + 2097. What is the units digit of -3*(v/30 + (-12)/20)?
5
Suppose 5*a - 7 - 8 = -2*x, 2*x - 13 = -3*a. What is the units digit of a + 12/((-4)/1) - -6?
4
Suppose -11*z = -13*z + 32. Let h = -24 + z. What is the units digit of ((h - -4) + -4)/(-2)?
4
Suppose 20 = -5*j + 10. What is the tens digit of ((-395)/j)/(-5)*-2?
7
Let r be ((-4)/4)/((-2)/6). Let c(q) = 0*q - 3*q**2 - 2*q - 21*q**r - 1 + q**2. What is the tens digit of c(-1)?
2
Suppose -1792 = -g - g - r, 5*g + 2*r = 4481. What is the hundreds digit of g?
8
Let i(n) = n**2 + 2 - 2*n - 5*n + 4*n. Let k be i(3). What is the units digit of (-37)/(-5) - k/5?
7
Let u(y) = 1133*y**2 + 4*y + 3. What is the units digit of u(-1)?
2
Let s = 257 + -202. What is the tens digit of s?
5
Let j be (2 + -3)*(3 - 6). Suppose -2*q - j*p - 9 = -32, 2*q - 20 = -2*p. Suppose 3*a - 95 = q. What is the units digit of a?
4
Let w be -9 - -13 - (24 - 0). What is the units digit of ((-3)/12 - (-99)/w)*-5?
6
Let s(a) = -a**2 - a + 2. Let g be s(-2). Suppose g = -35*h + 30*h + 300. What is the tens digit of h?
6
Let p(a) = -39*a - 292. What is the units digit of p(-9)?
9
Let w = 17 - -22. Suppose w*v - 35*v - 412 = 0. What is the units digit of v?
3
Let b = 31 + -32. What is the tens digit of 72 + 1 + b + -4?
6
Let w = 4731 + -2383. What is the hundreds digit of w?
3
Suppose 0 = -5*d + 1253 - 143. What is the hundreds digit of d?
2
Let z = -76 - -561. What is the units digit of z?
5
Suppose 2*a = -4*t - 0*a + 6, 0 = -3*t - 2*a + 6. Suppose 5*k + 29 - 564 = t. What is the units digit of k?
7
Suppose 3*y = 4*g - 5139, -g = -4*g + 5*y + 3868. What is the units digit of g?
1
Suppose -54*m = -14*m - 3680. What is the tens digit of m?
9
Let l(m) = 18*m**2 - 2 + 5*m - m**3 + 4*m - 12*m**2. Let j be l(7). Suppose 30 = t - j. What is the units digit of t?
2
Suppose 0 = u - 5*u + 4*h - 116, 2*u - 3*h = -56. What is the units digit of (7 + u)/(1/(6/(-9)))?
6
Let k = -21 + 11. What is the tens digit of k - -14 - (-185 + 1)?
8
Let k(a) = 2*a**2 + 18*a + 16. What is the units digit of k(-12)?
8
Suppose -4*a + 10 + 6 = 0. Suppose a*n - 556 = 44. What is the units digit of n?
0
Let n = 2072 - 1620. What is the hundreds digit of n?
4
Let s be (2 - -1)*39/(-9). Let v be -2 - (-64)/(-10) - 10/(-25). Let w = v - s. What is the units digit of w?
5
Let t = 10 + -17. Let i = 13 - t. Suppose -i - 21 = -q. What is the tens digit of q?
4
Let k be 6 + -5 + 2*5. Let d = 16 - k. Suppose 7*v - d*v = 78. What is the units digit of v?
9
Suppose t + 244 - 9188 = -5*a, -4*t + 8956 = 5*a. What is the tens digit of a?
8
Let n be 2 - -646 - (7 - 8). Suppose -6*r - n = -2269. What is the units digit of r?
0
Suppose 90 = -14*i + 9*i. Let y = i - 1. Let p = 22 + y. What is the units digit of p?
3
Let u = -98 - -105. Let j(y) = -y**3 + 8*y**2 - 5*y - 1. What is the tens digit of j(u)?
1
Let g = -142 + -10. Let y = g - -358. What is the hundreds digit of y?
2
Suppose 10*f - 3024 = -2*n + 6*f, 3*n = -f + 4516. What is the hundreds digit of n?
5
Suppose -20 = -2*i - 12. Suppose -i*p - 5*q = -75, -p = -2*q - 6 - 16. Let f = p + 14. What is the tens digit of f?
3
Suppose 3*f + 5*d - 1 - 11 = 0, -4*d + 15 = 3*f. Suppose -w = f - 57. What is the units digit of w?
8
Suppose v + i - 1208 = -283, 2*v - 4*i - 1838 = 0. What is the units digit of v?
3
Suppose -3*a = -3*l - 21, -4*l - 2*a - 66 = -8. What is the units digit of (-18 - -1)/(l/108)?
3
Let h(d) = 18*d - 7. Let t be h(8). Suppose -185 = -4*w + 3*j, -7*w + 4*w = -4*j - t. What is the tens digit of w?
4
Let p(c) = c**3 - 10*c**2 - 3*c + 22. Let y be p(11). Let d = y - 78. What is the units digit of d?
2
Let d be 5/((0 - -1) + 0) + -2. Suppose d*t = t - 4*u + 236, 0 = 2*t + 5*u - 241. What is the tens digit of t?
0
What is the units digit of (-4)/18 + 1264450/990?
7
Let n(v) = 29*v**2 + 27*v - 11. What is the tens digit of n(-7)?
2
What is the hundreds digit of (-18)/(-12) - 406/(-4)?
1
Let j(h) = h**2 - 6. Let m be j(0). Let c(r) = -36*r + 3. Let k(x) = -103*x + 10. Let z(q) = -17*c(q) + 6*k(q). What is the tens digit of z(m)?
4
Let x(v) = 20*v - 6. Let k(z) = 21*z - 7. Let s(i) = -5*k(i) + 6*x(i). What is the hundreds digit of s(7)?
1
Let j be 0/(4 + -2) - -3. Suppose -2*d = -j*d + 6. Let y = d + -5. What is the units digit of y?
1
Let r = 758 - 279. What is the tens digit of r?
7
Let c(p) = 17*p - 2. Let v be c(5). Suppose -2*y - 45 = -3*m + 80, 0 = 2*m - y - v. What is the units digit of m?
1
Let r(m) = -34*m - 4. Let q be r(-1). Let o be 2/(-12) + 4775/q. Suppose -g = -5*n + g + o, 0 = 4*n - g - 129. What is the tens digit of n?
3
Suppose 2*w + 3 = -1. What is the tens digit of w/(-5)*255/3?
3
Let v